{"id":53797,"date":"2025-11-06T14:34:58","date_gmt":"2025-11-06T17:34:58","guid":{"rendered":"https:\/\/viagemalemanha.com\/tour-en-descapotable-por-alemania\/"},"modified":"2026-01-25T11:03:20","modified_gmt":"2026-01-25T14:03:20","slug":"tour-en-descapotable-por-alemania","status":"publish","type":"page","link":"https:\/\/viagemalemanha.com\/es\/tour-en-descapotable-por-alemania\/","title":{"rendered":"Tour en descapotable por Alemania"},"content":{"rendered":"\n<div class=\"gb-element-c5464113\">\n<div class=\"gb-element-77beedb6\">\n<h1 class=\"wp-block-heading\"><br \/><a href=\"https:\/\/viagemalemanha.com\/wp-content\/uploads\/2025\/11\/apresentacao_cabrio_tour-18_viagem_alemanha.pdf\" target=\"_blank\" rel=\"noreferrer noopener\">Cabrio Tour: \u00a1un viaje en descapotable por las carreteras m\u00e1s bonitas de Alemania!<\/a> <\/h1>\n\n\n\n<p>\n\nViajar por las carreteras m\u00e1s rom\u00e1nticas de Alemania es un sue\u00f1o. \u00a1Imagine hacerlo en veh\u00edculos descapotables de marcas alemanas! Con casi 10 a\u00f1os en Alemania, Rafaella y Raphael, de Viagem Alemanha, les guiar\u00e1n por las carreteras m\u00e1s bonitas, los castillos m\u00e1s encantadores y las ciudades m\u00e1s pintorescas, en una ruta \u00fanica por toda Alemania.  \n\n<\/p>\n\n\n\n<figure class=\"wp-block-image size-large is-resized\"><img decoding=\"async\" width=\"1024\" height=\"359\" src=\"https:\/\/viagemalemanha.com\/wp-content\/uploads\/2025\/05\/alpes-com-carros-esportivos-de-luxo-viagem-alemanha-5022-1024x359.webp\" alt=\"\" class=\"wp-image-8381\" style=\"width:768px;height:269px\" srcset=\"https:\/\/viagemalemanha.com\/wp-content\/uploads\/2025\/05\/alpes-com-carros-esportivos-de-luxo-viagem-alemanha-5022-1024x359.webp 1024w, https:\/\/viagemalemanha.com\/wp-content\/uploads\/2025\/05\/alpes-com-carros-esportivos-de-luxo-viagem-alemanha-5022-300x105.webp 300w, https:\/\/viagemalemanha.com\/wp-content\/uploads\/2025\/05\/alpes-com-carros-esportivos-de-luxo-viagem-alemanha-5022-768x269.webp 768w, https:\/\/viagemalemanha.com\/wp-content\/uploads\/2025\/05\/alpes-com-carros-esportivos-de-luxo-viagem-alemanha-5022-1536x538.webp 1536w, https:\/\/viagemalemanha.com\/wp-content\/uploads\/2025\/05\/alpes-com-carros-esportivos-de-luxo-viagem-alemanha-5022-2048x718.webp 2048w\" sizes=\"(max-width: 1024px) 100vw, 1024px\" \/><\/figure>\n\n\n\n<figure class=\"wp-block-image aligncenter size-large\"><img decoding=\"async\" width=\"1024\" height=\"684\" src=\"https:\/\/viagemalemanha.com\/wp-content\/uploads\/2025\/11\/Fotolia_213609197_L-1024x684.jpg\" alt=\"\" class=\"wp-image-10225\" srcset=\"https:\/\/viagemalemanha.com\/wp-content\/uploads\/2025\/11\/Fotolia_213609197_L-1024x684.jpg 1024w, https:\/\/viagemalemanha.com\/wp-content\/uploads\/2025\/11\/Fotolia_213609197_L-300x200.jpg 300w, https:\/\/viagemalemanha.com\/wp-content\/uploads\/2025\/11\/Fotolia_213609197_L-768x513.jpg 768w, https:\/\/viagemalemanha.com\/wp-content\/uploads\/2025\/11\/Fotolia_213609197_L-1536x1026.jpg 1536w, https:\/\/viagemalemanha.com\/wp-content\/uploads\/2025\/11\/Fotolia_213609197_L-2048x1368.jpg 2048w\" sizes=\"(max-width: 1024px) 100vw, 1024px\" \/><\/figure>\n\n\n\n<!--more-->\n\n\n\n<figure class=\"wp-block-image aligncenter size-full\"><img decoding=\"async\" width=\"848\" height=\"200\" src=\"https:\/\/viagemalemanha.com\/wp-content\/uploads\/2025\/11\/banner_cabrio_02-1.jpg\" alt=\"\" class=\"wp-image-10226\" srcset=\"https:\/\/viagemalemanha.com\/wp-content\/uploads\/2025\/11\/banner_cabrio_02-1.jpg 848w, https:\/\/viagemalemanha.com\/wp-content\/uploads\/2025\/11\/banner_cabrio_02-1-300x71.jpg 300w, https:\/\/viagemalemanha.com\/wp-content\/uploads\/2025\/11\/banner_cabrio_02-1-768x181.jpg 768w\" sizes=\"(max-width: 848px) 100vw, 848px\" \/><\/figure>\n\n\n\n<p>Adem\u00e1s de la experiencia de libertad y movilidad permitidas en un viaje en descapotable, otras atracciones pueden a\u00f1adirse en la personalizaci\u00f3n de su viaje, como:<\/p>\n\n\n\n<p>&#8211; degustaci\u00f3n de vinos y visita a bodegas<\/p>\n\n\n\n<p>&#8211; alojamiento en castillos<\/p>\n\n\n\n<p>&#8211; conducci\u00f3n en pista deportiva<\/p>\n\n\n\n<p>&#8211; visitas guiadas privadas a lugares hist\u00f3ricos y atracciones culturales<\/p>\n\n\n\n<p>&#8211; gastronom\u00eda local y de acuerdo con las preferencias del viajero.<\/p>\n\n\n\n<p>Para mayor comodidad, se pone a disposici\u00f3n del viajero un coche de apoyo para maletas y otras necesidades durante todo el trayecto.<\/p>\n\n\n\n<p>Duraci\u00f3n y \u00e9poca del a\u00f1o sugeridas: 7 a 10 d\u00edas, de abril a octubre<\/p>\n\n\n\n<p>Para m\u00e1s informaci\u00f3n, p\u00f3ngase en contacto con nosotros.<\/p>\n\n\n\n<p><strong><em>P\u00f3ngase en contacto a trav\u00e9s de nuestro correo electr\u00f3nico: viagem@viagemalemanha.com<\/em><\/strong><\/p>\n\n\n\n<hr class=\"wp-block-separator has-css-opacity\" \/>\n\n\n\n<h2 class=\"wp-block-heading\"> <br \/>\u00bfC\u00f3mo fue el Cabrio Tour 2019? <\/h2>\n\n\n\n<p><\/p>\n\n\n\n<figure class=\"wp-block-image size-full is-resized\"><img decoding=\"async\" width=\"795\" height=\"494\" src=\"https:\/\/viagemalemanha.com\/wp-content\/uploads\/2025\/11\/avaliacao-tripadvisor-cabrio.png\" alt=\"\" class=\"wp-image-10227\" style=\"width:710px;height:441px\" srcset=\"https:\/\/viagemalemanha.com\/wp-content\/uploads\/2025\/11\/avaliacao-tripadvisor-cabrio.png 795w, https:\/\/viagemalemanha.com\/wp-content\/uploads\/2025\/11\/avaliacao-tripadvisor-cabrio-300x186.png 300w, https:\/\/viagemalemanha.com\/wp-content\/uploads\/2025\/11\/avaliacao-tripadvisor-cabrio-768x477.png 768w\" sizes=\"(max-width: 795px) 100vw, 795px\" \/><\/figure>\n\n\n\n<blockquote class=\"instagram-media\" data-instgrm-captioned=\"\" data-instgrm-permalink=\"https:\/\/www.instagram.com\/p\/BzY5UqWoi9n\/?utm_source=ig_embed&amp;utm_campaign=loading\" data-instgrm-version=\"14\" style=\"background:#FFF;border:0;border-radius:3px;margin: 1px;max-width:540px;min-width:326px;padding:0;width:99.375%;width:-webkit-calc(100% - 2px);width:calc(100% - 2px)\"><div style=\"padding:16px\"> <a href=\"https:\/\/www.instagram.com\/p\/BzY5UqWoi9n\/?utm_source=ig_embed&amp;utm_campaign=loading\" style=\"background:#FFFFFF;line-height:0;padding:0 0;text-align:center;text-decoration:none;width:100%\" target=\"_blank\" rel=\"noopener\"> <div style=\"flex-direction: row;align-items: center\"> <div style=\"background-color: #F4F4F4;border-radius: 50%;flex-grow: 0;height: 40px;margin-right: 14px;width: 40px\"><\/div> <div style=\"flex-direction: column;flex-grow: 1;justify-content: center\"> <div style=\"background-color: #F4F4F4;border-radius: 4px;flex-grow: 0;height: 14px;margin-bottom: 6px;width: 100px\"><\/div> <div style=\"background-color: #F4F4F4;border-radius: 4px;flex-grow: 0;height: 14px;width: 60px\"><\/div><\/div><\/div><div style=\"padding: 19% 0\"><\/div> <div style=\"height:50px;margin:0 auto 12px;width:50px\"><\/div><div style=\"padding-top: 8px\"> <div style=\"color:#3897f0;font-family:Arial,sans-serif;font-size:14px;font-style:normal;font-weight:550;line-height:18px\">Ver esta foto en Instagram<\/div><\/div><div style=\"padding: 12.5% 0\"><\/div> <div style=\"flex-direction: row;margin-bottom: 14px;align-items: center\"><div> <div style=\"background-color: #F4F4F4;border-radius: 50%;height: 12.5px;width: 12.5px\"><\/div> <div style=\"background-color: #F4F4F4;height: 12.5px;width: 12.5px;flex-grow: 0;margin-right: 14px;margin-left: 2px\"><\/div> <div style=\"background-color: #F4F4F4;border-radius: 50%;height: 12.5px;width: 12.5px\"><\/div><\/div><div style=\"margin-left: 8px\"> <div style=\"background-color: #F4F4F4;border-radius: 50%;flex-grow: 0;height: 20px;width: 20px\"><\/div> <div style=\"width: 0;height: 0;border-top: 2px solid transparent;border-left: 6px solid #f4f4f4;border-bottom: 2px solid transparent\"><\/div><\/div><div style=\"margin-left: auto\"> <div style=\"width: 0px;border-top: 8px solid #F4F4F4;border-right: 8px solid transparent\"><\/div> <div style=\"background-color: #F4F4F4;flex-grow: 0;height: 12px;width: 16px\"><\/div> <div style=\"width: 0;height: 0;border-top: 8px solid #F4F4F4;border-left: 8px solid transparent\"><\/div><\/div><\/div> <div style=\"flex-direction: column;flex-grow: 1;justify-content: center;margin-bottom: 24px\"> <div style=\"background-color: #F4F4F4;border-radius: 4px;flex-grow: 0;height: 14px;margin-bottom: 6px;width: 224px\"><\/div> <div style=\"background-color: #F4F4F4;border-radius: 4px;flex-grow: 0;height: 14px;width: 144px\"><\/div><\/div><\/a><p style=\"color:#c9c8cd;font-family:Arial,sans-serif;font-size:14px;line-height:17px;margin-bottom:0;margin-top:8px;overflow:hidden;padding:8px 0 7px;text-align:center\"><a href=\"https:\/\/www.instagram.com\/p\/BzY5UqWoi9n\/?utm_source=ig_embed&amp;utm_campaign=loading\" style=\"color:#c9c8cd;font-family:Arial,sans-serif;font-size:14px;font-style:normal;font-weight:normal;line-height:17px;text-decoration:none\" target=\"_blank\" rel=\"noopener\">Una publicaci\u00f3n compartida por Viagens e passeios na Alemanha (@viagemalemanha)<\/a><\/p><\/div><\/blockquote>\n\n\n\n\n<figure class=\"wp-block-image size-large is-resized\"><img decoding=\"async\" width=\"1024\" height=\"768\" src=\"https:\/\/viagemalemanha.com\/wp-content\/uploads\/2025\/03\/Viagem-de-conversivel-na-Alemnha-carro-conversivel-1024x768.jpg\" alt=\"Un coche convertible rojo de Audi estacionado en una v&#xED;a, rodeado de vi&#xF1;edos.\" class=\"wp-image-5839\" style=\"width:712px;height:534px\" srcset=\"https:\/\/viagemalemanha.com\/wp-content\/uploads\/2025\/03\/Viagem-de-conversivel-na-Alemnha-carro-conversivel-1024x768.jpg 1024w, https:\/\/viagemalemanha.com\/wp-content\/uploads\/2025\/03\/Viagem-de-conversivel-na-Alemnha-carro-conversivel-300x225.jpg 300w, https:\/\/viagemalemanha.com\/wp-content\/uploads\/2025\/03\/Viagem-de-conversivel-na-Alemnha-carro-conversivel-768x576.jpg 768w, https:\/\/viagemalemanha.com\/wp-content\/uploads\/2025\/03\/Viagem-de-conversivel-na-Alemnha-carro-conversivel-1536x1152.jpg 1536w, https:\/\/viagemalemanha.com\/wp-content\/uploads\/2025\/03\/Viagem-de-conversivel-na-Alemnha-carro-conversivel-2048x1536.jpg 2048w\" sizes=\"(max-width: 1024px) 100vw, 1024px\" \/><\/figure>\n<\/div>\n<\/div>\n","protected":false},"excerpt":{"rendered":"<p>Cabrio Tour: \u00a1un viaje en descapotable por las carreteras m\u00e1s bonitas de Alemania! Viajar por las carreteras m\u00e1s rom\u00e1nticas de Alemania es un sue\u00f1o. \u00a1Imagine hacerlo en veh\u00edculos descapotables de marcas alemanas! Con casi 10 a\u00f1os en Alemania, Rafaella y Raphael, de Viagem Alemanha, les guiar\u00e1n por las carreteras m\u00e1s bonitas, los castillos m\u00e1s encantadores [&hellip;]<\/p>\n","protected":false},"author":1,"featured_media":53768,"parent":0,"menu_order":0,"comment_status":"closed","ping_status":"closed","template":"","meta":{"_acf_changed":false,"tripadvisor_id":"","rating":0,"reviewer_name":"","review_date":"","trip_type":"","helpful_votes":0,"source_url":"","reviewer_gravatar":"","review_type":"","footnotes":""},"class_list":["post-53797","page","type-page","status-publish","has-post-thumbnail","hentry"],"acf":[],"_links":{"self":[{"href":"https:\/\/viagemalemanha.com\/es\/wp-json\/wp\/v2\/pages\/53797","targetHints":{"allow":["GET"]}}],"collection":[{"href":"https:\/\/viagemalemanha.com\/es\/wp-json\/wp\/v2\/pages"}],"about":[{"href":"https:\/\/viagemalemanha.com\/es\/wp-json\/wp\/v2\/types\/page"}],"author":[{"embeddable":true,"href":"https:\/\/viagemalemanha.com\/es\/wp-json\/wp\/v2\/users\/1"}],"replies":[{"embeddable":true,"href":"https:\/\/viagemalemanha.com\/es\/wp-json\/wp\/v2\/comments?post=53797"}],"version-history":[{"count":3,"href":"https:\/\/viagemalemanha.com\/es\/wp-json\/wp\/v2\/pages\/53797\/revisions"}],"predecessor-version":[{"id":57037,"href":"https:\/\/viagemalemanha.com\/es\/wp-json\/wp\/v2\/pages\/53797\/revisions\/57037"}],"wp:featuredmedia":[{"embeddable":true,"href":"https:\/\/viagemalemanha.com\/es\/wp-json\/wp\/v2\/media\/53768"}],"wp:attachment":[{"href":"https:\/\/viagemalemanha.com\/es\/wp-json\/wp\/v2\/media?parent=53797"}],"curies":[{"name":"wp","href":"https:\/\/api.w.org\/{rel}","templated":true}]}}

<div class="gb-element-c5464113">
<div class="gb-element-77beedb6">
<h1 class="wp-block-heading"><br /><a href="https://viagemalemanha.com/wp-content/uploads/2025/11/apresentacao_cabrio_tour-18_viagem_alemanha.pdf" target="_blank" rel="noreferrer noopener">Cabrio Tour: ¡un viaje en descapotable por las carreteras más bonitas de Alemania!</a> </h1>



<p>

Viajar por las carreteras más románticas de Alemania es un sueño. ¡Imagine hacerlo en vehículos descapotables de marcas alemanas! Con casi 10 años en Alemania, Rafaella y Raphael, de Viagem Alemanha, les guiarán por las carreteras más bonitas, los castillos más encantadores y las ciudades más pintorescas, en una ruta única por toda Alemania.  

</p>



<figure class="wp-block-image size-large is-resized"><img decoding="async" width="1024" height="359" src="https://viagemalemanha.com/wp-content/uploads/2025/05/alpes-com-carros-esportivos-de-luxo-viagem-alemanha-5022-1024x359.webp" alt="" class="wp-image-8381" style="width:768px;height:269px" srcset="https://viagemalemanha.com/wp-content/uploads/2025/05/alpes-com-carros-esportivos-de-luxo-viagem-alemanha-5022-1024x359.webp 1024w, https://viagemalemanha.com/wp-content/uploads/2025/05/alpes-com-carros-esportivos-de-luxo-viagem-alemanha-5022-300x105.webp 300w, https://viagemalemanha.com/wp-content/uploads/2025/05/alpes-com-carros-esportivos-de-luxo-viagem-alemanha-5022-768x269.webp 768w, https://viagemalemanha.com/wp-content/uploads/2025/05/alpes-com-carros-esportivos-de-luxo-viagem-alemanha-5022-1536x538.webp 1536w, https://viagemalemanha.com/wp-content/uploads/2025/05/alpes-com-carros-esportivos-de-luxo-viagem-alemanha-5022-2048x718.webp 2048w" sizes="(max-width: 1024px) 100vw, 1024px" /></figure>



<figure class="wp-block-image aligncenter size-large"><img decoding="async" width="1024" height="684" src="https://viagemalemanha.com/wp-content/uploads/2025/11/Fotolia_213609197_L-1024x684.jpg" alt="" class="wp-image-10225" srcset="https://viagemalemanha.com/wp-content/uploads/2025/11/Fotolia_213609197_L-1024x684.jpg 1024w, https://viagemalemanha.com/wp-content/uploads/2025/11/Fotolia_213609197_L-300x200.jpg 300w, https://viagemalemanha.com/wp-content/uploads/2025/11/Fotolia_213609197_L-768x513.jpg 768w, https://viagemalemanha.com/wp-content/uploads/2025/11/Fotolia_213609197_L-1536x1026.jpg 1536w, https://viagemalemanha.com/wp-content/uploads/2025/11/Fotolia_213609197_L-2048x1368.jpg 2048w" sizes="(max-width: 1024px) 100vw, 1024px" /></figure>



<!--more-->



<figure class="wp-block-image aligncenter size-full"><img decoding="async" width="848" height="200" src="https://viagemalemanha.com/wp-content/uploads/2025/11/banner_cabrio_02-1.jpg" alt="" class="wp-image-10226" srcset="https://viagemalemanha.com/wp-content/uploads/2025/11/banner_cabrio_02-1.jpg 848w, https://viagemalemanha.com/wp-content/uploads/2025/11/banner_cabrio_02-1-300x71.jpg 300w, https://viagemalemanha.com/wp-content/uploads/2025/11/banner_cabrio_02-1-768x181.jpg 768w" sizes="(max-width: 848px) 100vw, 848px" /></figure>



<p>Además de la experiencia de libertad y movilidad permitidas en un viaje en descapotable, otras atracciones pueden añadirse en la personalización de su viaje, como:</p>



<p>&#8211; degustación de vinos y visita a bodegas</p>



<p>&#8211; alojamiento en castillos</p>



<p>&#8211; conducción en pista deportiva</p>



<p>&#8211; visitas guiadas privadas a lugares históricos y atracciones culturales</p>



<p>&#8211; gastronomía local y de acuerdo con las preferencias del viajero.</p>



<p>Para mayor comodidad, se pone a disposición del viajero un coche de apoyo para maletas y otras necesidades durante todo el trayecto.</p>



<p>Duración y época del año sugeridas: 7 a 10 días, de abril a octubre</p>



<p>Para más información, póngase en contacto con nosotros.</p>



<p><strong><em>Póngase en contacto a través de nuestro correo electrónico: viagem@viagemalemanha.com</em></strong></p>



<hr class="wp-block-separator has-css-opacity" />



<h2 class="wp-block-heading"> <br />¿Cómo fue el Cabrio Tour 2019? </h2>



<p></p>



<figure class="wp-block-image size-full is-resized"><img decoding="async" width="795" height="494" src="https://viagemalemanha.com/wp-content/uploads/2025/11/avaliacao-tripadvisor-cabrio.png" alt="" class="wp-image-10227" style="width:710px;height:441px" srcset="https://viagemalemanha.com/wp-content/uploads/2025/11/avaliacao-tripadvisor-cabrio.png 795w, https://viagemalemanha.com/wp-content/uploads/2025/11/avaliacao-tripadvisor-cabrio-300x186.png 300w, https://viagemalemanha.com/wp-content/uploads/2025/11/avaliacao-tripadvisor-cabrio-768x477.png 768w" sizes="(max-width: 795px) 100vw, 795px" /></figure>



<blockquote class="instagram-media" data-instgrm-captioned="" data-instgrm-permalink="https://www.instagram.com/p/BzY5UqWoi9n/?utm_source=ig_embed&amp;utm_campaign=loading" data-instgrm-version="14" style="background:#FFF;border:0;border-radius:3px;margin: 1px;max-width:540px;min-width:326px;padding:0;width:99.375%;width:-webkit-calc(100% - 2px);width:calc(100% - 2px)"><div style="padding:16px"> <a href="https://www.instagram.com/p/BzY5UqWoi9n/?utm_source=ig_embed&amp;utm_campaign=loading" style="background:#FFFFFF;line-height:0;padding:0 0;text-align:center;text-decoration:none;width:100%" target="_blank" rel="noopener"> <div style="flex-direction: row;align-items: center"> <div style="background-color: #F4F4F4;border-radius: 50%;flex-grow: 0;height: 40px;margin-right: 14px;width: 40px"></div> <div style="flex-direction: column;flex-grow: 1;justify-content: center"> <div style="background-color: #F4F4F4;border-radius: 4px;flex-grow: 0;height: 14px;margin-bottom: 6px;width: 100px"></div> <div style="background-color: #F4F4F4;border-radius: 4px;flex-grow: 0;height: 14px;width: 60px"></div></div></div><div style="padding: 19% 0"></div> <div style="height:50px;margin:0 auto 12px;width:50px"></div><div style="padding-top: 8px"> <div style="color:#3897f0;font-family:Arial,sans-serif;font-size:14px;font-style:normal;font-weight:550;line-height:18px">Ver esta foto en Instagram</div></div><div style="padding: 12.5% 0"></div> <div style="flex-direction: row;margin-bottom: 14px;align-items: center"><div> <div style="background-color: #F4F4F4;border-radius: 50%;height: 12.5px;width: 12.5px"></div> <div style="background-color: #F4F4F4;height: 12.5px;width: 12.5px;flex-grow: 0;margin-right: 14px;margin-left: 2px"></div> <div style="background-color: #F4F4F4;border-radius: 50%;height: 12.5px;width: 12.5px"></div></div><div style="margin-left: 8px"> <div style="background-color: #F4F4F4;border-radius: 50%;flex-grow: 0;height: 20px;width: 20px"></div> <div style="width: 0;height: 0;border-top: 2px solid transparent;border-left: 6px solid #f4f4f4;border-bottom: 2px solid transparent"></div></div><div style="margin-left: auto"> <div style="width: 0px;border-top: 8px solid #F4F4F4;border-right: 8px solid transparent"></div> <div style="background-color: #F4F4F4;flex-grow: 0;height: 12px;width: 16px"></div> <div style="width: 0;height: 0;border-top: 8px solid #F4F4F4;border-left: 8px solid transparent"></div></div></div> <div style="flex-direction: column;flex-grow: 1;justify-content: center;margin-bottom: 24px"> <div style="background-color: #F4F4F4;border-radius: 4px;flex-grow: 0;height: 14px;margin-bottom: 6px;width: 224px"></div> <div style="background-color: #F4F4F4;border-radius: 4px;flex-grow: 0;height: 14px;width: 144px"></div></div></a><p style="color:#c9c8cd;font-family:Arial,sans-serif;font-size:14px;line-height:17px;margin-bottom:0;margin-top:8px;overflow:hidden;padding:8px 0 7px;text-align:center"><a href="https://www.instagram.com/p/BzY5UqWoi9n/?utm_source=ig_embed&amp;utm_campaign=loading" style="color:#c9c8cd;font-family:Arial,sans-serif;font-size:14px;font-style:normal;font-weight:normal;line-height:17px;text-decoration:none" target="_blank" rel="noopener">Una publicación compartida por Viagens e passeios na Alemanha (@viagemalemanha)</a></p></div></blockquote>




<figure class="wp-block-image size-large is-resized"><img decoding="async" width="1024" height="768" src="https://viagemalemanha.com/wp-content/uploads/2025/03/Viagem-de-conversivel-na-Alemnha-carro-conversivel-1024x768.jpg" alt="Un coche convertible rojo de Audi estacionado en una v&#xED;a, rodeado de vi&#xF1;edos." class="wp-image-5839" style="width:712px;height:534px" srcset="https://viagemalemanha.com/wp-content/uploads/2025/03/Viagem-de-conversivel-na-Alemnha-carro-conversivel-1024x768.jpg 1024w, https://viagemalemanha.com/wp-content/uploads/2025/03/Viagem-de-conversivel-na-Alemnha-carro-conversivel-300x225.jpg 300w, https://viagemalemanha.com/wp-content/uploads/2025/03/Viagem-de-conversivel-na-Alemnha-carro-conversivel-768x576.jpg 768w, https://viagemalemanha.com/wp-content/uploads/2025/03/Viagem-de-conversivel-na-Alemnha-carro-conversivel-1536x1152.jpg 1536w, https://viagemalemanha.com/wp-content/uploads/2025/03/Viagem-de-conversivel-na-Alemnha-carro-conversivel-2048x1536.jpg 2048w" sizes="(max-width: 1024px) 100vw, 1024px" /></figure>
</div>
</div>

<p>Cabrio Tour: ¡un viaje en descapotable por las carreteras más bonitas de Alemania! Viajar por las carreteras más románticas de Alemania es un sueño. ¡Imagine hacerlo en vehículos descapotables de marcas alemanas! Con casi 10 años en Alemania, Rafaella y Raphael, de Viagem Alemanha, les guiarán por las carreteras más bonitas, los castillos más encantadores [&hellip;]</p>
